-108
Let k(y) = -22379*y - 134257. Determine k(-6).
17
Let g(q) = -4676*q - 397408. What is g(-85)?
52
Let b(q) = -5*q**3 + 68*q**2 - 25*q + 353. Determine b(11).
1651
Let k(f) = 37*f - 10998. What is k(276)?
-786
Let o(z) = -z**3 + 23*z**2 - 110*z + 257. What is o(15)?
407
Let y(c) = -c**2 + 12128*c + 182049. Calculate y(-15).
-96
Let w(v) = -5*v**2 + 101*v - 6. Determine w(15).
384
Let v(t) = -11*t**3 + 107*t**2 + 63*t - 315. Calculate v(10).
15
Let f(q) = -q**2 - 19234*q - 76937. Give f(-4).
-17
Let r(b) = 7*b**2 + 1970*b + 13669. Calculate r(-7).
222
Let j(h) = 14876*h - 11037979. What is j(742)?
13
Let o(w) = -w**3 + 299*w**2 + 609*w - 357. Calculate o(301).
1750
Let z(q) = -190*q**2 + 65345*q - 253294. Calculate z(340).
6
Let s(f) = -240123*f - 1920976. What is s(-8)?
8
Let u(f) = 8813*f + 3613325. Give u(-410).
-5
Let y(h) = 24*h**2 + 20*h + 65. Give y(-15).
5165
Let g(d) = -77*d**2 + 13157*d + 1847. Determine g(171).
137
Let a(o) = -o**2 - 57*o - 1423. Calculate a(-59).
-1541
Let n(q) = -q**2 - 1040*q + 43188. What is n(40)?
-12
Let k(a) = 2*a**3 - 12*a**2 - 190*a - 872. What is k(-7)?
-816
Let s(a) = 18596*a + 4091103. What is s(-220)?
-17
Let j(p) = p**3 - 77*p**2 + 1058*p - 50261. What is j(72)?
-5
Let s(r) = 93*r**2 - 6732*r + 2685. What is s(72)?
93
Let n(j) = -7440*j - 119211. Calculate n(-16).
-171
Let f(s) = -s**3 + 3*s**2 + 439*s + 236. Determine f(-19).
-163
Let t(u) = 128*u - 5093. Calculate t(40).
27
Let j(x) = -7*x**3 + 265*x**2 + 31*x + 108. Calculate j(38).
-158
Let s(y) = 1538*y**2 - 31148*y + 7763. What is s(20)?
3
Let c(f) = f**3 + 55*f**2 + 933*f + 6278. Give c(-32).
-26
Let z(k) = -22*k**3 - 10*k**2 - k + 12. What is z(-2)?
150
Let o(d) = 8*d**3 - 879*d**2 - 115*d + 752. Give o(110).
202
Let a(g) = -15*g**2 - 13090*g - 1781126. Determine a(-704).
-6
Let j(s) = s**3 - 347*s**2 - 10100*s + 743. Calculate j(374).
-5
Let a(f) = 2*f**2 - 5520*f + 131339. Give a(24).
11
Let b(j) = -552*j + 526604. Determine b(954).
-4
Let o(q) = 88*q**2 - 141*q - 13. Calculate o(-2).
621
Let j(h) = h**3 + 90*h**2 - 241032*h - 4324. Calculate j(-538).
-20
Let v(f) = f**3 - 70*f**2 + 1174*f + 720. What is v(41)?
105
Let x(m) = 1024*m + 451626. Calculate x(-441).
42
Let a(g) = -g**3 - 46*g**2 + 787*g + 27171. What is a(-51)?
39
Let t(s) = -1397*s**2 - 1285238*s + 1839. Determine t(-920).
-1
Let s(o) = -o**3 - 5*o**2 + 131*o + 648. What is s(-5)?
-7
Let f(o) = o**3 + 1762*o**2 + 10500*o - 7. Determine f(-6).
209
Let q(v) = 2*v**2 + 2311*v - 156075. Give q(64).
21
Let c(f) = 18256*f**2 + 255600*f + 220. Give c(-14).
-4
Let x(v) = -376*v + 40485. Determine x(104).
1381
Let c(m) = -77*m + 8281. Calculate c(130).
-1729
Let j(g) = -2289531*g - 4579047. Calculate j(-2).
15
Let z(u) = 366*u - 10644. Calculate z(29).
-30
Let p(c) = -8*c**3 + 53*c**2 + 81*c - 398. Determine p(8).
-454
Let k(l) = -2*l**3 - 792*l**2 - 1811*l - 403287. Determine k(-395).
8
Let k(h) = -265*h - 2468. Calculate k(-9).
-83
Let l(u) = -8*u**3 - 1551*u**2 + 195*u + 759. Give l(-194).
565
Let h(j) = j**3 + 823*j**2 - 572*j + 207594. Calculate h(-824).
-54
Let q(d) = 2*d**2 + 1280*d + 177425. Calculate q(-437).
3
Let d(j) = j**2 + 3163*j - 15821. What is d(5)?
19
Let b(q) = -3*q**3 + 296*q**2 - 5758*q + 579857. Give b(99).
14
Let q(u) = -144988*u + 289992. Calculate q(2).
16
Let m(t) = t**2 - 203*t - 1239. Determine m(-6).
15
Let q(b) = 16*b**2 - 387*b + 471. Determine q(23).
34
Let c(x) = 2*x**3 - 610*x**2 + 629*x - 5744. Give c(304).
640
Let q(s) = 145*s**2 + 1379*s - 710. Calculate q(-10).
0
Let q(d) = 165*d + 13421. Calculate q(-81).
56
Let j(y) = y**3 + 119*y**2 + 885*y + 380. Give j(-111).
713
Let v(k) = -23*k**2 - 253*k - 246. What is v(-1)?
-16
Let h(l) = -22*l**3 - 29*l**2 + 9*l + 55. Determine h(-4).
963
Let n(l) = -736*l - 5155. What is n(-10)?
2205
Let i(t) = t**3 + 76*t**2 - 1660*t - 44782. Calculate i(-89).
-15
Let s(a) = a**3 + 303*a**2 - 535*a + 22878. Determine s(-305).
3
Let r(o) = 18773*o**2 + 638284*o + 83. Give r(-34).
15
Let q(o) = -4770*o + 4577. Give q(1).
-193
Let h(w) = 41612*w + 790556. Determine h(-19).
-72
Let t(j) = -9340*j + 37026. Determine t(4).
-334
Let g(h) = -30*h**2 - 3808*h - 53244. What is g(-16)?
4
Let i(o) = 724*o + 32557. Calculate i(-45).
-23
Let p(n) = -25*n**2 + 3996*n + 612. Calculate p(160).
-28
Let t(f) = -6*f**2 + 33*f - 139. Give t(7).
-202
Let k(s) = 4*s**2 + 654*s + 6342. Give k(-153).
-84
Let z(g) = -3*g**3 - 16*g**2 + 77*g + 322. What is z(-3)?
28
Let w(z) = 3*z**3 + 241*z**2 + 2063*z + 60. Calculate w(-9).
-1173
Let p(s) = 2*s**3 - 282*s**2 + 291*s - 1477. Calculate p(140).
63
Let y(i) = -156*i**2 - 789*i - 14. Give y(0).
-14
Let d(g) = 6085*g - 79119. Determine d(13).
-14
Let y(z) = z**3 - 12*z**2 - 6113*z + 6797. Determine y(-73).
81
Let i(f) = -f**2 + 348*f - 15632. What is i(296)?
-240
Let s(p) = -74*p**2 + 18048*p + 1867. Calculate s(244).
-85
Let g(q) = -q**3 - 27*q**2 - 65*q + 189. Calculate g(-24).
21
Let z(w) = w**3 + 79*w**2 + 1455*w + 127. Determine z(-29).
-18
Let k(f) = 11*f**2 - 261*f - 5545. What is k(-20)?
4075
Let h(i) = 213*i - 7922. Calculate h(25).
-2597
Let w(c) = -31*c**2 - 764*c + 49. Determine w(-24).
529
Let v(d) = -2*d**3 + 123*d**2 - 103*d + 2793. What is v(61)?
231
Let v(n) = 13798*n - 55198. Give v(4).
-6
Let a(i) = 5*i**3 - 134*i**2 - 8*i + 154. Determine a(27).
667
Let r(p) = p**2 - 8063*p - 56497. Give r(-7).
-7
Let p(x) = 3*x**3 - 29*x**2 + 294*x - 3028. Give p(11).
690
Let r(k) = -2*k**2 - 102*k + 1503. Determine r(13).
-161
Let f(k) = 9*k**3 + 1250*k**2 - 121*k + 2183. Determine f(-139).
-319
Let w(y) = 30651*y - 1716450. What is w(56)?
6
Let r(c) = 4*c**2 - 3897*c - 149333. Determine r(-37).
332
Let x(j) = -108882*j - 1850995. Give x(-17).
-1
Let g(k) = k**2 + 302*k - 2000. Calculate g(7).
163
Let x(t) = 3*t**2 - 2174*t + 368105. Give x(455).
10
Let b(v) = -2099*v + 41986. What is b(20)?
6
Let f(o) = 1397*o - 15375. What is f(11)?
-8
Let c(x) = 4687*x + 3651160. Give c(-779).
-13
Let m(g) = -15078*g - 120921. What is m(-8)?
-297
Let g(q) = -1013728*q + 13178463. Determine g(13).
-1
Let n(z) = 5*z**2 + 2139*z + 200567. Calculate n(-289).
1
Let s(i) = 3478107*i + 3478120. Calculate s(-1).
13
Let l(g) = 6*g**2 - 149*g - 83. Give l(4).
-583
Let f(b) = -3*b**2 + 83*b + 1756. Calculate f(-15).
-164
Let y(t) = 2*t**2 - 798*t + 32763. What is y(351)?
-933
Let k(i) = 6*i**2 - 6825*i + 23811. Calculate k(1134).
-3
Let a(w) = -39179*w - 6. Give a(0).
-6
Let r(i) = -3333*i**2 + 26662*i - 12. What is r(8)?
-28
Let g(p) = 11*p**3 + 637*p**2 - 29*p + 1670. What is g(-58)?
-12
Let h(t) = -30*t**2 - 2789*t + 571. Give h(-93).
478
Let i(o) = -2*o**3 + 35*o**2 + 19*o - 145. Calculate i(17).
467
Let d(l) = -22*l**3 + 241*l**2 - 31*l + 305. Give d(11).
-157
Let o(m) = -m**3 - 80*m**2 - 1452*m + 249. Calculate o(-52).
41
Let s(k) = -3*k**2 + 153*k - 917. What is s(51)?
-917
Let i(r) = -81078*r - 324306. Give i(-4).
6
Let p(m) = -m**3 + 21*m**2 + 317*m - 231. What is p(31)?
-14
Let x(p) = 208*p - 5212. Calculate x(17).
-1676
Let k(h) = h**3 - 40*h**2 + 421*h - 475. Determine k(21).
-13
Let u(r) = -3*r**3 + 39*r**2 + 81*r + 159. Determine u(15).
24
Let q(t) = 3426*t + 2727109. Determine q(-796).
13
Let g(y) = y**2 + 151609*y + 7123423. Give g(-47).
9
Let s(z) = -29*z - 366. What is s(28)?
-1178
Let p(l) = 323*l - 39358. Determine p(120).
-598
Let p(x) = -1663*x + 133042. Calculate p(80).
2
Let a(k) = -k**3 + 1508*k**2 + 14698*k + 731686. Give a(1518).
10
Let h(p) = -88058*p - 10126672. What is h(-115)?
-2
Let b(i) = -4*i**2 - 285*i - 2018. Give b(-7).
-219
Let n(h) = -2617*h + 4230. Calculate n(2).
-1004
Let p(f) = 229*f - 15294. Calculate p(88).
4858
Let u(a) = 391*a - 70015. What is u(179)?
-26
Let r(a) = -3438*a - 9420. Determine r(-3).
894
Let d(i) = 27331*i + 4755658. Calculate d(-174).
64
Let i(d) = 172867*d - 1555831. Determine i(9).
-28
Let l(z) = -9*z**2 - 1234*z + 9070. Calculate l(7).
-9
Let c(u) = -626*u + 12541. Determine c(20).
21
Let c(t) = -t**3 - 9*t**2 + 914*t + 12817. Determine c(-16).
-15
Let d(a) = a**3 - 173*a**2 + 366*a - 3911. Calculate d(171).
193
Let n(x) = -x**2 + 409*x + 2191696. Calculate n(1699).
-14
Let d(h) = -45*h - 1077. What is d(-36)?
543
Let n(y) = -1015*y + 7243. Determi